prime factors of 8680.
2, 5, 7, 31
What are the prime factors of 666?
2, 3, 37
What are the prime factors of 3630?
2, 3, 5, 11
What are the prime factors of 2066?
2, 1033
What are the prime factors of 105830?
2, 5, 19, 557
What are the prime factors of 1089?
3, 11
List the prime factors of 5280.
2, 3, 5, 11
List the prime factors of 2348.
2, 587
List the prime factors of 16621.
11, 1511
What are the prime factors of 278?
2, 139
What are the prime factors of 608?
2, 19
What are the prime factors of 16061?
16061
List the prime factors of 500.
2, 5
What are the prime factors of 1410?
2, 3, 5, 47
List the prime factors of 32300.
2, 5, 17, 19
List the prime factors of 1062.
2, 3, 59
What are the prime factors of 421?
421
List the prime factors of 14422.
2, 7211
What are the prime factors of 6637?
6637
What are the prime factors of 12324?
2, 3, 13, 79
What are the prime factors of 2087?
2087
List the prime factors of 7858.
2, 3929
What are the prime factors of 779?
19, 41
What are the prime factors of 405?
3, 5
List the prime factors of 5371.
41, 131
List the prime factors of 6765.
3, 5, 11, 41
What are the prime factors of 33112?
2, 4139
List the prime factors of 59389.
11, 5399
List the prime factors of 3389.
3389
What are the prime factors of 8410?
2, 5, 29
List the prime factors of 53888.
2, 421
What are the prime factors of 287?
7, 41
List the prime factors of 39.
3, 13
What are the prime factors of 13320?
2, 3, 5, 37
What are the prime factors of 6124?
2, 1531
List the prime factors of 7135.
5, 1427
List the prime factors of 9326.
2, 4663
List the prime factors of 165.
3, 5, 11
What are the prime factors of 24896?
2, 389
What are the prime factors of 52117?
13, 19, 211
What are the prime factors of 110450?
2, 5, 47
List the prime factors of 3080.
2, 5, 7, 11
What are the prime factors of 8?
2
List the prime factors of 7608.
2, 3, 317
What are the prime factors of 10129?
7, 1447
What are the prime factors of 8738?
2, 17, 257
List the prime factors of 1639.
11, 149
List the prime factors of 19342.
2, 19, 509
What are the prime factors of 57043?
7, 29, 281
List the prime factors of 144477.
3, 5351
List the prime factors of 25450.
2, 5, 509
What are the prime factors of 166748?
2, 41687
What are the prime factors of 45041?
73, 617
List the prime factors of 5560.
2, 5, 139
What are the prime factors of 1399?
1399
What are the prime factors of 20067?
3, 6689
What are the prime factors of 113?
113
What are the prime factors of 21239?
67, 317
List the prime factors of 3879.
3, 431
List the prime factors of 2972.
2, 743
List the prime factors of 171.
3, 19
What are the prime factors of 12998?
2, 67, 97
What are the prime factors of 710?
2, 5, 71
What are the prime factors of 3368?
2, 421
What are the prime factors of 1204?
2, 7, 43
What are the prime factors of 52973?
52973
What are the prime factors of 653?
653
List the prime factors of 32602.
2, 16301
What are the prime factors of 130?
2, 5, 13
List the prime factors of 561.
3, 11, 17
What are the prime factors of 44766?
2, 3, 829
List the prime factors of 3339.
3, 7, 53
What are the prime factors of 5896?
2, 11, 67
List the prime factors of 5230.
2, 5, 523
What are the prime factors of 931?
7, 19
List the prime factors of 7555.
5, 1511
List the prime factors of 3366.
2, 3, 11, 17
What are the prime factors of 10759?
7, 29, 53
List the prime factors of 13506.
2, 3, 2251
List the prime factors of 6272.
2, 7
What are the prime factors of 59859?
3, 739
List the prime factors of 865.
5, 173
List the prime factors of 470.
2, 5, 47
What are the prime factors of 2740?
2, 5, 137
What are the prime factors of 2094?
2, 3, 349
What are the prime factors of 13914?
2, 3, 773
List the prime factors of 11979.
3, 11
What are the prime factors of 161170?
2, 5, 71, 227
What are the prime factors of 1944?
2, 3
List the prime factors of 447.
3, 149
What are the prime factors of 7000?
2, 5, 7
What are the prime factors of 38054?
2, 53, 359
List the prime factors of 27706.
2, 7, 1979
What are the prime factors of 838?
2, 419
What are the prime factors of 9070?
2, 5, 907
What are the prime factors of 1009?
1009
List the prime factors of 453.
3, 151
List the prime factors of 739.
739
What are the prime factors of 838?
2, 419
List the prime factors of 410.
2, 5, 41
What are the prime factors of 40017?
3, 13339
List the prime factors of 2176.
2, 17
What are the prime factors of 308?
2, 7, 11
What are the prime factors of 3819?
3, 19, 67
List the prime factors of 38198.
2, 71, 269
What are the prime factors of 2617?
2617
What are the prime factors of 6258?
2, 3, 7, 149
What are the prime factors of 98600?
2, 5, 17, 29
List the prime factors of 14.
2, 7
What are the prime factors of 8349?
3, 11, 23
What are the prime factors of 6780?
2, 3, 5, 113
List the prime factors of 874.
2, 19, 23
List the prime factors of 13471.
19, 709
List the prime factors of 37597.
7, 41, 131
List the prime factors of 23312.
2, 31, 47
List the prime factors of 2367.
3, 263
What are the prime factors of 8466?
2, 3, 17, 83
List the prime factors of 668.
2, 167
List the prime factors of 1206.
2, 3, 67
What are the prime factors of 1096?
2, 137
What are the prime factors of 1971?
3, 73
What are the prime factors of 2628?
2, 3, 73
What are the prime factors of 34843?
34843
What are the prime factors of 1089?
3, 11
List the prime factors of 93672.
2, 3, 1301
What are the prime factors of 7477?
7477
What are the prime factors of 6779?
6779
List the prime factors of 4132.
2, 1033
What are the prime factors of 3772?
2, 23, 41
List the prime factors of 11606.
2, 7, 829
What are the prime factors of 28129?
23, 1223
What are the prime factors of 20524?
2, 7, 733
List the prime factors of 9588.
2, 3, 17, 47
What are the prime factors of 2614?
2, 1307
List the prime factors of 41066.
2, 20533
What are the prime factors of 19822?
2, 11, 17, 53
What are the prime factors of 4476?
2, 3, 373
List the prime factors of 2224.
2, 139
What are the prime factors of 61665?
3, 5, 4111
List the prime factors of 5557.
5557
What are the prime factors of 12196?
2, 3049
What are the prime factors of 15377?
15377
What are the prime factors of 3191?
3191
List the prime factors of 7797.
3, 23, 113
What are the prime factors of 2482?
2, 17, 73
List the prime factors of 2113.
2113
What are the prime factors of 2799?
3, 311
What are the prime factors of 18309?
3, 17, 359
List the prime factors of 244.
2, 61
What are the prime factors of 2916?
2, 3
What are the prime factors of 8080?
2, 5, 101
List the prime factors of 5782.
2, 7, 59
What are the prime factors of 40717?
19, 2143
List the prime factors of 52820.
2, 5, 19, 139
List the prime factors of 758.
2, 379
What are the prime factors of 2300?
2, 5, 23
List the prime factors of 3512.
2, 439
List the prime factors of 15776.
2, 17, 29
List the prime factors of 7836.
2, 3, 653
List the prime factors of 102428.
2, 29, 883
List the prime factors of 7026.
2, 3, 1171
What are the prime factors of 1189?
29, 41
What are the prime factors of 17418?
2, 3, 2903
List the prime factors of 32891.
31, 1061
List the prime factors of 53352.
2, 3, 13, 19
List the prime factors of 494.
2, 13, 19
What are the prime factors of 1637?
1637
What are the prime factors of 1884?
2, 3, 157
List the prime factors of 313.
313
List the prime factors of 21821.
21821
What are the prime factors of 36181?
97, 373
List the prime factors of 1434.
2, 3, 239
List the prime factors of 259.
7, 37
What are the prime factors of 131897?
41, 3217
List the prime factors of 2833.
2833
What are the prime factors of 1374?
2, 3, 229
What are the prime factors of 29131?
29131
List the prime factors of 17394.
2, 3, 13, 223
List the prime factors of 31711.
19, 1669
What are the prime factors of 128090?
2, 5, 12809
List the prime factors of 1996.
2, 499
What are the prime factors of 9339?
3, 11, 283
What are the prime factors of 10162?
2, 5081
List the prime factors of 1162.
2, 7, 83
List the prime factors of 57132.
2, 3, 23
List the prime factors of 192.
2, 3
What are the prime factors of 305?
5, 61
List the prime factors of 36685.
5, 11, 23, 29
List the prime factors of 20707.
20707
List the prime factors of 1261.
13, 97
What are the prime factors of 24945?
3, 5, 1663
What are the